 307759
List the prime factors of 8566276.
2, 2141569
List the prime factors of 1931175.
3, 5, 2861
List the prime factors of 506936.
2, 63367
What are the prime factors of 192906?
2, 3, 7, 1531
What are the prime factors of 451600?
2, 5, 1129
What are the prime factors of 87589?
87589
List the prime factors of 185405.
5, 11, 3371
List the prime factors of 718765.
5, 29, 4957
List the prime factors of 402363.
3, 13, 19, 181
List the prime factors of 1093280.
2, 5, 6833
What are the prime factors of 10034969?
7, 23, 157, 397
List the prime factors of 837619.
837619
What are the prime factors of 1227912?
2, 3, 7, 7309
List the prime factors of 3463482.
2, 3, 11, 97, 541
What are the prime factors of 1144946?
2, 11, 71, 733
List the prime factors of 284744.
2, 35593
List the prime factors of 186436.
2, 127, 367
List the prime factors of 7167580.
2, 5, 7, 51197
What are the prime factors of 134740?
2, 5, 6737
What are the prime factors of 5515136?
2, 11, 3917
What are the prime factors of 1988365?
5, 397673
What are the prime factors of 487312?
2, 7, 19, 229
List the prime factors of 124306.
2, 7, 13, 683
List the prime factors of 206928.
2, 3, 479
What are the prime factors of 6532667?
23, 431, 659
List the prime factors of 91460.
2, 5, 17, 269
What are the prime factors of 5970696?
2, 3, 248779
What are the prime factors of 48046?
2, 24023
What are the prime factors of 5397462?
2, 3, 7, 109, 131
What are the prime factors of 55434?
2, 3, 9239
What are the prime factors of 25871808?
2, 3, 47, 61
List the prime factors of 367917.
3, 11, 11149
What are the prime factors of 16759898?
2, 41, 313, 653
What are the prime factors of 266790?
2, 3, 5, 8893
List the prime factors of 2135510.
2, 5, 13, 16427
List the prime factors of 3302521.
151, 21871
List the prime factors of 18007385.
5, 11, 327407
What are the prime factors of 248342?
2, 124171
List the prime factors of 321020.
2, 5, 7, 2293
What are the prime factors of 4500571?
23, 195677
List the prime factors of 107789.
11, 41, 239
What are the prime factors of 883040?
2, 5, 5519
What are the prime factors of 10210852?
2, 2552713
List the prime factors of 8713384.
2, 17, 79, 811
List the prime factors of 489000.
2, 3, 5, 163
What are the prime factors of 181517?
7, 25931
List the prime factors of 4776215.
5, 955243
What are the prime factors of 3733951?
13, 349, 823
List the prime factors of 2105257.
7, 11, 19, 1439
What are the prime factors of 176141?
7, 25163
List the prime factors of 540704.
2, 61, 277
What are the prime factors of 143027?
157, 911
List the prime factors of 736901.
11, 31, 2161
List the prime factors of 234730.
2, 5, 23473
What are the prime factors of 2315987?
61, 37967
List the prime factors of 1328941.
17, 78173
List the prime factors of 4527772.
2, 1131943
What are the prime factors of 6479499?
3, 13, 17, 29, 337
What are the prime factors of 59782?
2, 71, 421
List the prime factors of 179180.
2, 5, 17, 31
What are the prime factors of 1714919?
1714919
What are the prime factors of 2007641?
29, 107, 647
List the prime factors of 3162567.
3, 1054189
What are the prime factors of 3578798?
2, 1789399
What are the prime factors of 2133045?
3, 5, 107, 443
What are the prime factors of 2097737?
809, 2593
What are the prime factors of 21210450?
2, 3, 5, 141403
List the prime factors of 229120.
2, 5, 179
What are the prime factors of 23243?
11, 2113
List the prime factors of 724808.
2, 7, 43
List the prime factors of 148789.
19, 41, 191
List the prime factors of 278563.
278563
What are the prime factors of 1792403?
19, 29, 3253
List the prime factors of 873465.
3, 5, 58231
What are the prime factors of 14567155?
5, 2913431
List the prime factors of 1561836.
2, 3, 157, 829
What are the prime factors of 420412?
2, 61, 1723
List the prime factors of 6984029.
13, 537233
List the prime factors of 6267574.
2, 3133787
List the prime factors of 6990436.
2, 23, 75983
What are the prime factors of 444672?
2, 3, 193
What are the prime factors of 381615?
3, 5, 13, 19, 103
What are the prime factors of 1059845?
5, 211969
List the prime factors of 601021.
601021
List the prime factors of 20724.
2, 3, 11, 157
List the prime factors of 486314.
2, 243157
List the prime factors of 137937.
3, 45979
What are the prime factors of 660589?
660589
What are the prime factors of 25214086?
2, 12607043
What are the prime factors of 5745011?
19, 83, 3643
What are the prime factors of 500702?
2, 79, 3169
What are the prime factors of 367857?
3, 7, 5839
List the prime factors of 668278.
2, 13, 25703
List the prime factors of 8420029.
8420029
What are the prime factors of 321460?
2, 5, 16073
List the prime factors of 4325126.
2, 13, 166351
What are the prime factors of 14140469?
7, 23, 12547
List the prime factors of 3143572.
2, 17, 46229
List the prime factors of 58119.
3, 19373
What are the prime factors of 361104?
2, 3, 7523
What are the prime factors of 195001?
109, 1789
List the prime factors of 19263208.
2, 1013, 2377
List the prime factors of 636521.
29, 47, 467
List the prime factors of 9576628.
2, 2394157
List the prime factors of 6892227.
3, 29, 26407
What are the prime factors of 749291?
89, 8419
List the prime factors of 2880462.
2, 3, 13, 36929
What are the prime factors of 2988377?
7, 19, 22469
What are the prime factors of 54644?
2, 19, 719
What are the prime factors of 15183961?
13, 47, 24851
List the prime factors of 3450496.
2, 7, 3851
What are the prime factors of 2503985?
5, 11, 53, 859
List the prime factors of 9994622.
2, 11, 149, 3049
List the prime factors of 2330679.
3, 13, 4597
What are the prime factors of 1107010?
2, 5, 31, 3571
List the prime factors of 637830.
2, 3, 5, 19, 373
What are the prime factors of 32450?
2, 5, 11, 59
List the prime factors of 775594.
2, 37, 47, 223
List the prime factors of 457352.
2, 7, 8167
What are the prime factors of 1199654?
2, 109, 5503
What are the prime factors of 880451?
11, 13, 47, 131
List the prime factors of 455031.
3, 19, 887
List the prime factors of 1159385.
5, 231877
List the prime factors of 836449.
836449
What are the prime factors of 8077050?
2, 3, 5, 31, 193
What are the prime factors of 701770?
2, 5, 70177
List the prime factors of 3764108.
2, 941027
What are the prime factors of 5705290?
2, 5, 570529
List the prime factors of 1534839.
3, 19, 26927
What are the prime factors of 4781644?
2, 7, 170773
List the prime factors of 488708.
2, 11, 29, 383
What are the prime factors of 732112?
2, 45757
What are the prime factors of 10357511?
563, 18397
List the prime factors of 243076.
2, 67, 907
List the prime factors of 3400236.
2, 3, 7, 103, 131
List the prime factors of 434481.
3, 251, 577
List the prime factors of 1423814.
2, 7, 101701
What are the prime factors of 13210238?
2, 6605119
List the prime factors of 3634244.
2, 19, 47819
List the prime factors of 2984691.
3, 19, 52363
List the prime factors of 43249840.
2, 5, 67, 8069
List the prime factors of 6619156.
2, 1654789
List the prime factors of 11069786.
2, 7, 13, 8689
List the prime factors of 5600031.
3, 1866677
What are the prime factors of 481735?
5, 23, 59, 71
List the prime factors of 3333645.
3, 5, 7, 19, 557
What are the prime factors of 1481811?
3, 493937
List the prime factors of 7617757.
7, 1088251
What are the prime factors of 21602199?
3, 7200733
List the prime factors of 14891316.
2, 3, 11, 37, 3049
What are the prime factors of 639371?
639371
List the prime factors of 2228822.
2, 67, 16633
What are the prime factors of 3051150?
2, 3, 5, 20341
What are the prime factors of 779827?
779827
List the prime factors of 708084.
2, 3, 13, 17, 89
What are the prime factors of 1359274?
2, 7, 79, 1229
What are the prime factors of 1031?
1031
What are the prime factors of 410801?
410801
List the prime factors of 217609.
7, 4441
List the prime factors of 9738338.
2, 23, 269, 787
What are the prime factors of 7607448?
2, 3, 19, 67, 83
What are the prime factors of 205675?
5, 19, 433
What are the prime factors of 838126?
2, 619, 677
List the prime factors of 1358229.
3, 89, 5087
List the prime factors of 754115.
5, 47, 3209
List the prime factors of 11137507.
11137507
List the prime factors of 24165.
3, 5, 179
List the prime factors of 1573144.
2, 196643
What are the prime factor